mine u(-232).
905
Let c(g) = 2381*g - 129. What is c(0)?
-129
Let p(z) = -z**3 + 145*z**2 + 1464*z - 150972. Determine p(148).
-12
Let m(v) = 2*v**3 + 176*v**2 - 131*v + 369. Calculate m(-89).
-3814
Let h(g) = 80*g**2 + 131*g - 1353. Give h(-5).
-8
Let d(o) = 97*o**2 + 3*o - 771. Calculate d(0).
-771
Let i(c) = -100*c**2 + 1401*c + 6. Calculate i(14).
20
Let x(l) = l**3 + 31*l**2 - 38*l + 1071. Calculate x(-33).
147
Let z(i) = 6458*i + 19405. What is z(-3)?
31
Let a(x) = 9*x**3 - 2390*x**2 + 1326*x - 343. Determine a(265).
-78
Let i(g) = -137*g**2 - 1005*g - 326. Calculate i(-7).
-4
Let f(o) = -o**3 + 22*o**2 - 2071*o + 44895. Calculate f(22).
-667
Let q(i) = 283318*i - 849878. Determine q(3).
76
Let v(w) = 33*w**2 + 32279*w + 224339. Determine v(-7).
3
Let z(p) = -16*p**2 - 62*p - 272. Determine z(8).
-1792
Let w(a) = -1164*a**2 + 332900*a + 1150. Determine w(286).
6
Let k(r) = -706*r + 474437. What is k(672)?
5
Let h(j) = -67*j**3 - 11*j**2 - 265*j + 804. What is h(3)?
-1899
Let s(i) = -19*i**2 + 925*i - 3967. Determine s(44).
-51
Let o(j) = 444*j + 8137. Determine o(-18).
145
Let m(n) = 5515*n - 38517. Give m(7).
88
Let c(s) = -s**3 - 27*s**2 + 2141*s + 60416. Calculate c(-29).
9
Let x(l) = -15*l**3 + 624*l**2 + 266*l - 579. Determine x(42).
9
Let g(f) = 4*f**2 - 33*f - 114349. Give g(-165).
-4
Let c(t) = -4*t**3 + 119*t**2 - 124*t + 74. Calculate c(29).
-999
Let a(l) = 73*l**2 + 3140*l + 43. Determine a(-43).
0
Let d(i) = 79*i**3 + 549*i**2 + 31*i + 429. Give d(-7).
16
Let p(g) = -53038*g + 1272893. Give p(24).
-19
Let j(r) = -3*r**3 + 140*r**2 - 490*r + 759. What is j(43)?
28
Let s(w) = -w**3 + 51*w**2 + 382*w + 38. What is s(-6)?
-202
Let x(g) = -3272053*g + 19632313. Give x(6).
-5
Let a(c) = -1364*c - 257987. Give a(-189).
-191
Let d(g) = -g**3 - 23*g**2 - 316*g - 9031. Give d(-25).
119
Let c(a) = -3*a**2 + 666*a + 84192. Determine c(-90).
-48
Let k(h) = -876*h + 6924. Give k(7).
792
Let q(l) = 58*l**2 + 3160*l + 15751. Determine q(-5).
1401
Let w(f) = -526190*f + 13154756. What is w(25)?
6
Let c(u) = -453*u**2 - 91957*u + 436. What is c(-203)?
30
Let l(v) = -32*v**3 - 158*v**2 + 103*v + 470. Calculate l(-5).
5
Let d(f) = 4*f**3 - 317*f**2 - 282*f + 3379. Determine d(80).
19
Let l(s) = 12676*s - 3346426. Give l(264).
38
Let c(k) = -8*k**2 + 689*k - 203. What is c(87)?
-812
Let n(c) = -2*c**3 + 89*c**2 - 172*c - 1762. Calculate n(42).
-166
Let f(n) = n**3 + 277*n**2 + 278*n + 1596. What is f(-276)?
1044
Let c(j) = -209*j**2 + 6227*j + 1285. Give c(30).
-5
Let h(l) = l**3 + 21*l**2 + 119*l + 1. Determine h(-15).
-434
Let b(k) = 37145*k - 222853. Calculate b(6).
17
Let r(y) = -2*y**2 + 8702*y + 2691775. Determine r(-290).
-5
Let i(h) = 20316*h + 9934532. Determine i(-489).
8
Let v(p) = 4*p**3 - 31*p**2 + 54*p - 343. What is v(7)?
-112
Let x(v) = 206*v + 28837. Determine x(-156).
-3299
Let l(f) = -5243*f + 398474. Determine l(76).
6
Let q(m) = 495*m**2 - 116818*m - 459. Give q(236).
13
Let f(m) = m**2 + 2547*m + 20306. Determine f(-8).
-6
Let s(z) = 30*z**2 + 1167*z + 10058. What is s(-26)?
-4
Let s(x) = 3*x**3 + 154*x**2 - 67*x + 2426. Determine s(-52).
502
Let c(p) = -3624*p - 21783. Calculate c(-6).
-39
Let i(x) = -5*x**2 - 639*x + 11587. Give i(18).
-1535
Let b(y) = -3112*y - 14283. Determine b(-5).
1277
Let x(p) = -22855*p - 1097047. What is x(-48)?
-7
Let a(c) = 20*c**2 - 90*c - 477. Calculate a(-7).
1133
Let a(t) = -7*t**3 + 149*t**2 + 170*t + 23. What is a(-1)?
9
Let s(z) = 174637*z + 873210. Calculate s(-5).
25
Let s(g) = 2*g**2 - 1561*g + 42744. What is s(752)?
-120
Let t(w) = 329176*w - 1645884. Determine t(5).
-4
Let f(d) = 998*d - 6079. What is f(6)?
-91
Let x(a) = -135*a**3 + 1006*a**2 - 419*a - 23. Give x(7).
33
Let n(m) = 2*m**2 - 129*m - 12142. Calculate n(116).
-194
Let i(s) = -2*s**3 - 382*s**2 + 43*s + 8202. Give i(-191).
-11
Let p(g) = 2*g**3 - 5*g**2 + 150*g - 849. Determine p(6).
303
Let n(k) = 35*k**2 + 824*k + 2144. Determine n(-3).
-13
Let f(t) = 4*t**3 - 1825*t**2 + 427*t + 13316. What is f(456)?
92
Let r(j) = 3*j**3 - 10*j**2 - 7*j - 14. Give r(-3).
-164
Let j(c) = -624*c**2 + 36*c + 4. What is j(1)?
-584
Let i(u) = 110*u**2 - 3956*u - 108. Determine i(36).
36
Let f(q) = 5470*q + 5732. Give f(-1).
262
Let w(u) = -11*u**2 + 8199*u - 80895. Calculate w(10).
-5
Let w(p) = -3*p**2 + 519*p - 10753. What is w(149)?
-25
Let w(h) = -22827*h + 68423. Determine w(3).
-58
Let w(q) = 1737*q - 220768. Calculate w(127).
-169
Let f(s) = -37481*s + 149937. Give f(4).
13
Let c(s) = 4*s**3 + 477*s**2 + 946*s - 8. Calculate c(-2).
-24
Let k(v) = v**2 - 129*v + 2380. Determine k(105).
-140
Let o(v) = v**2 + 4705*v + 572503. Give o(-125).
3
Let u(a) = 7*a**3 + 2*a**2 - 2074*a + 4118. Calculate u(2).
34
Let i(h) = -16*h**2 - 511*h - 31. Determine i(-32).
-63
Let n(t) = -216*t**2 - 2692*t - 5310. Give n(-10).
10
Let s(p) = -2*p**3 + 542*p**2 + 10*p - 2049. What is s(271)?
661
Let t(b) = -10819*b - 4901025. Calculate t(-453).
-18
Let s(d) = -3396*d - 130581. What is s(-38)?
-1533
Let u(p) = 2*p**2 + 166*p + 2449. Give u(-16).
305
Let w(h) = -2*h**3 + 9*h**2 + 324*h - 72. Calculate w(-11).
115
Let m(d) = -25722*d - 128552. Calculate m(-5).
58
Let o(a) = -a**3 - 486*a**2 - 967*a + 512. Give o(-484).
28
Let k(t) = 149587*t + 149582. What is k(-1)?
-5
Let p(s) = 2428*s - 3421054. Give p(1409).
-2
Let l(d) = -21*d**2 + 7160*d - 35793. Determine l(5).
-518
Let n(y) = -y**2 + 705*y - 49283. What is n(78)?
-377
Let g(u) = -u**2 - 777*u - 128832. Calculate g(-240).
48
Let n(q) = 94*q**2 - 11922*q - 101397. Give n(-8).
-5
Let v(j) = j**3 - 99*j**2 + 993*j - 2205. Give v(88).
-5
Let a(c) = 49*c**2 - 5*c - 428. Give a(3).
-2
Let z(q) = 332*q - 2902. Calculate z(11).
750
Let p(d) = 9*d**2 - 1631*d - 91617. Calculate p(-45).
3
Let b(f) = -23*f**3 - 199*f**2 - 17*f - 37. Determine b(-8).
-861
Let f(k) = k**2 + 3292*k + 374536. Determine f(-118).
4
Let a(m) = -m**2 - 902*m + 21261. Determine a(23).
-14
Let d(y) = -y**2 - 799*y - 39547. What is d(-53)?
-9
Let m(s) = s**2 + 799*s + 159693. Give m(-402).
99
Let c(d) = -78*d**2 + 8011*d - 45257. What is c(6)?
1
Let b(m) = -11*m**2 + 2417*m - 1650. Calculate b(219).
102
Let t(k) = 18*k**2 - 60*k + 905. What is t(11)?
2423
Let f(q) = 219*q - 8725. What is f(41)?
254
Let t(p) = 2*p**3 - 34*p**2 + 19*p + 288. Determine t(16).
80
Let v(s) = -2762*s + 118696. What is v(43)?
-70
Let h(r) = -18*r**2 + 353*r + 104. Determine h(20).
-36
Let m(b) = 32620*b - 326216. Give m(10).
-16
Let p(v) = -1700*v**2 - 109*v + 108. Calculate p(1).
-1701
Let f(q) = 4*q**2 - 662*q + 15621. Determine f(137).
3
Let u(x) = -14*x**2 + 12263*x + 879. Calculate u(876).
3
Let i(s) = -598*s - 21080. Calculate i(-35).
-150
Let d(n) = -15*n**2 + 47*n + 68. What is d(-13)?
-3078
Let a(x) = 16*x**2 + 47*x - 1060. Calculate a(-7).
-605
Let x(f) = -1150*f + 20328. What is x(17)?
778
Let g(n) = -390*n - 107624. Calculate g(-276).
16
Let o(i) = 2*i**3 - 62*i**2 + 372*i + 22. Give o(24).
886
Let m(i) = 305*i + 8091. Give m(-27).
-144
Let n(g) = 9564*g + 765141. Give n(-80).
21
Let s(u) = -u**3 + 13*u**2 - 27*u - 10. What is s(6)?
80
Let d(r) = 3*r**3 + 251*r**2 - 89*r - 201. Give d(-84).
219
Let u(p) = 1892*p - 90239. Calculate u(48).
577
Let g(w) = -50231*w - 11050815. Determine g(-220).
5
Let k(a) = -a**3 + 43*a**2 - 397*a + 1427. What is k(32)?
-13
Let n(l) = -33*l**2 - 798*l + 2374. Determine n(3).
-317
Let c(u) = 571*u + 1330. What is c(-2)?
188
Let y(s) = -3095*s + 111407. Give y(36).
-13
Let f(g) = 3*g**3 + 56*g**2 + 213*g + 50. What is f(-5)?
10
Let z(i) = 4*i**2 + 16*i - 32374. Determine z(88).
10
Let n(q) = -1897*q - 11386. What is n(-6)?
-4
Let t(f) = f**2 - 64*f + 717. Calculate t(23).
-226
Let y(v) = v**3 - 326*v**2 - 35438*v + 2502. What is y(412)?
30
Let c(w) = 36399*w - 218384. What is c(6)?
10
Let p(h) = 3*h**3 - 409*h**2 + 2088*h + 10. Give p(131).
-1038
Let t(k) = 60*k - 48. Give t(-1).
-108
Let j(h) = -5133*h + 41174. Determine j(8).
110
Let b(w) = -965*w - 3000. Determine b(-3).
-105
Let x(w) = w**3 + 12*w**2 + 520*w + 8694. Calculate x(-16).
-650
Let s(l) = -3*l**2 - 155*l - 1468. What is s(-12)?
-40
Let j(m) = -m**3 + 17*m**2 - 491*m + 5167. What is j(12)?
-5
Let l(y) = y**3 + 14*y**2 - 37*y + 18. Determine l(-12).
750
Le